)/6 - 20/3)/(-1). Let c(g) = -6*g**2 + 12*g - 9. Let a(x) = -7*x**2 + 13*x - 9. Suppose 30 = -6*k - 0. Let q(p) = k*a(p) + 6*c(p). What is q(j)?
-9
Suppose -100 = 3*x + y, 3*x + 42 + 66 = -3*y. Let p = x + 28. Let i(c) = -c - 3. Let j(v) = -3*v - 7. Let w(a) = 5*i(a) - 2*j(a). What is w(p)?
-5
Let f(q) = -5*q**2 + 7. Let c(l) = -7*l**2 + 8. Let k = 259 - 253. Let w(b) = k*c(b) - 7*f(b). Let d = 1 - 2. What is w(d)?
-8
Let o(z) = -4*z**3 - 21*z**2 - 18*z - 51. Let b(h) = 3*h**3 + 21*h**2 + 19*h + 46. Let w(c) = -5*b(c) - 4*o(c). Give w(22).
-48
Let m(x) = -2*x**3 - 29*x**2 - 15*x - 15. Let d(s) = -174*s + 7642. Let u be d(44). Determine m(u).
-1
Let i(k) = -98 + 197 + 12*k - 102. Let o be i(3). Suppose o - 3 = 5*q. Let z(y) = y**3 - 5*y**2 - 7*y - 4. What is z(q)?
-10
Let v(w) = w**2 - 18*w - 45. Let b be v(20). Let h(a) = a**2 + 8*a + 16. Let t be h(b). Let k(x) = 6*x + 2. Calculate k(t).
8
Let t be -7 + (-10)/5 - -12. Let b(y) = y**2 - 4*y + 13. Calculate b(t).
10
Let i(y) = 2*y - 7. Let t(f) = 7. Let v(b) = 3. Let u(c) = 4*t(c) - 9*v(c). Let s(w) = i(w) + 4*u(w). Suppose 155*k + 548*k + 8409 = -2100*k. Give s(k).
-9
Let q(l) = -l**3 - 2*l**2 + 15*l + 7. Let z be q(3). Let f(o) = o**2 - 7*o - 5. What is f(z)?
-5
Let m(z) = z**2 + 5*z - 3. Let v be m(-6). Let x be (-1)/(-7) - 20/(-7). Let d(t) = x + v - 6*t**2 + 3*t + 5*t**2. Determine d(6).
-12
Let s(f) = 4*f**2 + f + 1. Let q(u) = -28*u - 210. Let v be q(-12). Let d be (-4)/10 + (v/(-30))/7. Give s(d).
4
Let u = 1158 - 1156. Let m(s) = -17*s**2 - s + 2. Give m(u).
-68
Let x(y) = -59*y + 474. Let a be x(8). Let p(b) be the first derivative of 0*b**a - 3*b + 1/3*b**3 - 15. Determine p(3).
6
Let s be -597*5/(-30)*-2. Let b = -185 - s. Let a(m) = -m**3 + 15*m**2 - 14*m - 3. Give a(b).
-3
Suppose -4*s - 2*r = 18, 2*r + 13 = -2*s + 3. Let f(w) = w**2 + 7*w + 9. Let n be f(s). Let i(o) = o**3 + 3*o**2 - o + 2. Calculate i(n).
5
Suppose -9 = 8*k - 9*k. Suppose -6*w = -3*w - k. Let d(g) = -8 + 1 + 2*g**2 + w*g + 4 + 2*g. Determine d(-4).
9
Let y(h) = -3*h + 25. Let f(t) = -t + 12. Let w(x) = 7*f(x) - 3*y(x). Let q be 1 + ((-2)/(-15) - 78/(-90)). Let z be 1/((-15)/7 - q - -4). What is w(z)?
-5
Let p be 6/(399/42 - 11). Let a(w) = -22*w - 24. Calculate a(p).
64
Let p(b) = 2*b - 41 + 2*b**2 - b**3 + b**2 + 4*b**2 - b + 44. Let c be 21/2 - 189/54. Determine p(c).
10
Let k(w) = 3*w - 28. Let x be k(9). Let t be -5 + (-1 - (5 + x)) + 12. Let s(f) = 0*f + f + 3*f. What is s(t)?
8
Let h(j) = -j**3 - 2*j**2 + 35*j - 5. Let r be h(5). Let q be (r/(-3))/(1341/162 - 8). Let n(w) = w - 5. Determine n(q).
1
Let m(c) = 2*c**2 - 27*c - 17. Suppose 0 = 10*u - 12*u - g + 27, -u - 2*g = -9. Give m(u).
28
Let l(c) be the second derivative of 3*c - 4 - 2*c**2 + 2/3*c**4 - 1/3*c**3 - 1/20*c**5. Calculate l(8).
-20
Let z(y) = -83*y + 249. Let n(f) = -71*f + 248. Let x(s) = -4*n(s) + 3*z(s). Give x(7).
0
Let z(p) = 4*p - 16. Suppose -15 = -3*s, -2*n = s + 8 - 1. Calculate z(n).
-40
Suppose 0 = 3*y - x - 1, -2*y + 4 = x + 5. Let f(v) = -22 + v + 19 + y*v + 9. Calculate f(0).
6
Let n(k) = -10*k**2 - 8*k + 16. Let j(l) = -3*l**2 - 3*l + 5. Let o = 52 + -24. Suppose f - 21 = -o. Let h(q) = f*j(q) + 2*n(q). Calculate h(-3).
-9
Let m = 2449 + -2453. Let y(g) = 3*g**2 - 8*g + 3. Let h(r) = -2*r**2 + 7*r - 2. Suppose 0 = 2*u - 6*u + 12. Let n(b) = u*y(b) + 4*h(b). Calculate n(m).
1
Let b(z) be the third derivative of z**5/40 - z**4/2 - 5*z**3/6 + z**2 - 17. Let f(y) be the first derivative of b(y). Calculate f(5).
3
Suppose -6*x - 9 = 3*x. Suppose 10*n - 4*n = 36. Let v(g) = 18 + n*g**2 - g - 18. Give v(x).
7
Let c(v) = v. Let f(j) = 26*j. Let l(h) = h**2 + 29*h - 1. Let x be l(-29). Let b(w) = x*f(w) + 13*c(w). What is b(-1)?
13
Let n(g) = -6*g + 1. Let x(a) = a. Let u(y) = n(y) + x(y). Suppose 68*j + 36 = 80*j. Give u(j).
-14
Suppose -7*u - 33*u = -240. Suppose 4*z = -2*l + 38, -z - 3*l = -u*z + 20. Let c(k) be the first derivative of k**4/4 - 2*k**3 - 4*k**2 - k - 1. Determine c(z).
-8
Let t be 19/7 - 18/(-63). Let k(f) be the third derivative of f**4/24 + f**3/2 - 2*f**2 + 2055. Give k(t).
6
Let b(x) = x + 12. Suppose 14*s - 72 = 1734. Let z = 114 - s. What is b(z)?
-3
Let z(y) = 2*y**3 + 3*y**2 + 3*y + 1. Let u = 4505 + -4506. Calculate z(u).
-1
Let u(d) = d**3 + 8*d**2 + 5. Let g(a) = 2*a**3 - 3*a**2 - 23*a + 4. Let c be g(-3). What is u(c)?
5
Let c(z) = 565 - 7*z + 533 + 38*z - 1613 + 553 - 33*z**2 + z**3. Calculate c(32).
6
Let f(n) = 13*n**3 + 3*n**2 + 9. Let g be f(-3). Let z = -317 - g. Let q(j) = -8*j - 3. Calculate q(z).
13
Let o(t) = 2*t + 4. Let m(b) = 13*b + 26. Let v(k) = -m(k) + 6*o(k). Let c = 7 + -12. What is v(c)?
3
Suppose -5*r + 5*f + 20 = 0, 5*r + 6*f - 2*f - 11 = 0. Let j(s) = s**2 - 6*s + 1. Let p be j(6). Let m(t) = -t + 5*t - 3*t - 6 + p. Determine m(r).
-2
Let d(n) be the second derivative of -n**4/12 - n**3/2 - 5*n**2/2 - 9531*n. Determine d(5).
-45
Let s(q) = q + 1. Let h(b) = -6*b + 2. Let t(y) = h(y) - 3*s(y). Suppose 116*v - 121*v + 10 = 0. What is t(v)?
-19
Suppose 44*q = 41*q + 5*f + 1, -6 = -q - 4*f. Let n(p) = p**3 - p**2 + 11*p - 25. Give n(q).
1
Let v be (106/(-371))/((-30)/14) + (-219)/(-45). Let o(y) = -2*y**2 + 5*y + 15. Give o(v).
-10
Let s(v) = 2*v**2 - 1095*v + 15977. Let z be s(15). Let t(x) be the second derivative of -1/3*x**4 + 1/10*x**5 + 1/2*x**3 + x + 0 + 0*x**2. Determine t(z).
6
Let l(w) = w**2 + 6*w + 2. Let b be (31 + 3)/((-10)/5). Let q(k) = 488*k**2 - 14*k + k**3 - 6 - 472*k**2 - 3*k. Let n be q(b). What is l(n)?
2
Let c(l) = 5*l**3 + 15*l**2 - 67*l + 315. Let s(v) = v**3 + 4*v**2 - 16*v + 77. Let b(y) = -2*c(y) + 9*s(y). What is b(6)?
3
Let k(p) = p + 2. Let j = 50 + -221. Let q = -167 - j. Calculate k(q).
6
Suppose 2*r - 21 = 6*z - z, -5*r = 5*z. Suppose 5*h + 48 = -r*h. Let g(y) = -3*y + 4. Determine g(h).
22
Let g = 584 - 569. Let w(o) = -5 - 2 + g*o - 11*o - 3*o. Suppose 0*p - 4*v - 47 = -5*p, 0 = 4*p - 4*v - 36. What is w(p)?
4
Suppose -935*c + 60 = -920*c. Let h(i) = 14*i - 57. Determine h(c).
-1
Let v(c) = -4*c**2 + 18*c - 5. Let g be v(-5). Let s = -193 - g. Let w(z) = -2*z**2 - z + 1. Determine w(s).
-9
Let y(q) be the second derivative of q**4/12 + q**3/2 + 5*q**2/2 + 3*q + 55. Determine y(-7).
33
Let q(j) = -4*j - 5. Let p(y) = -354*y - 337. Let k be p(-1). What is q(k)?
-73
Let z = -449 + 453. Let m(u) = 4*u**2 - 5*u + 3. Determine m(z).
47
Let x(v) = -271*v**2 - 2*v - 3. Let u be x(-1). Let c be (-1)/5 + u/(-85). Let i = c - 1. Let m(h) = 2*h**2 - 2*h. Give m(i).
4
Let n be -15 - (-22)/(-55)*-115. Let o(q) = 4*q**2 - 122*q - 46. Give o(n).
16
Let s(l) = -5*l**2 + 29*l - 13. Suppose -2666*x = -2684*x + 108. What is s(x)?
-19
Let i(w) = 2*w**2 + 2*w + 1. Let o be ((-8)/(-3))/(20/(-30)). Let z be -2*(70/o)/5. Suppose -2*l + z = 3*u, -3*l + 4*u + 4 = 2*u. Give i(l).
13
Let t(o) be the second derivative of o**5/5 + 7*o**4/2 + 17*o**3/6 - 21*o**2/2 + 1590*o - 1. What is t(-10)?
9
Let i(n) = 5 - 6*n - 18*n - 3 - n. Calculate i(0).
2
Suppose -2*n - 2*g + 0 = -10, 3*n + 4*g = 17. Suppose -k - n*t = -6, 42 = -5*k + 2*t + 21. Let w(j) = -j**3 - j**2 + 4*j - 1. Determine w(k).
5
Let j(h) = -h**2 - 32*h - 7. Let o(y) = y**2 + 20*y + 5. Let u(k) = 5*j(k) + 8*o(k). Give u(-3).
32
Suppose 4*k = y + 12 + 21, 0 = -k + 5*y - 6. Let v(w) = w**2 - 10*w - 2. Let s be v(11). Let q(c) = 1 + k*c - 7*c**2 - s*c. Give q(-1).
-6
Let z(c) = 20*c + 19*c - 22 - 58*c + 13*c + 10*c. Give z(7).
6
Let u(a) = 7*a**3 + 0*a**3 + 4*a**2 - 1 - 15*a**3 - 6 - a + 7*a**3. Calculate u(4).
-11
Let w(y) = -y - 21. Let c be 10*(-2)/4 - (-9 + 2) - 22. Give w(c).
-1
Suppose -5*b - 6 = 4. Let d(i) be the third derivative of 1 + 1/3*i**3 + 0*i + 168*i**2 + 0*i**4 + 1/120*i**6 + 0*i**5. Give d(b).
-6
Let r(k) = 47*k + 1742. Let m be r(-37). Let b(c) = -5*c - c**3 + 2 + 3*c**3 - c**3. What is b(m)?
14
Let d(g) = g**3 + 8*g**2 - 2*g + 3. Suppose 4 = 10*x + 34. Let k(r) = -2*r**3 - 13*r**2 + 3*r - 5. Let w(y) = x*k(y) - 5*d(y). Give w(2).
6
Let f = 34107 + -34115. Let o(q) = -q**2 - 13*q - 41. Calculate o(f).
-1
Let w(g) = 5*g - 1. Let t(l) = 30*l**2 + 5 + 9*l + 4 - 12*l - 31*l**2. Let s be t(2). Let j be s*(0 - 2) - (-1 - 1). Determine w(j).
19
Let w(g) = -19*g**3 - 21*g**2 - 15*g - 36. Let s(n) = -5*n**3 - 